 = y. What is the tens digit of s?
1
Let p(t) = t**3 - t**2 - 197*t + 22. What is the hundreds digit of p(39)?
1
Let j(i) = -5*i**2 + 352*i - 16. What is the hundreds digit of j(24)?
5
Let k(n) = 2*n**2 - 6*n + 6. Let r be k(2). Suppose -281 = -2*u + u + 3*d, -562 = -r*u + 2*d. What is the units digit of u?
1
Let k = -534 - -543. Let h be ((-2)/(-1))/(6/9). Suppose -96 = h*g - k*g. What is the units digit of g?
6
Let s(q) = 361*q**2 - 25*q + 82. What is the hundreds digit of s(3)?
2
Let r be -2*(56/16)/((-2)/(-16)). Let m = r - -53. What is the tens digit of (-509)/m - 11/(-33)?
7
Let s(h) = h**2 + 15*h - 34. Let n be s(-17). Suppose -24*c + 19*c - 2*w + 478 = n, 3*c = -5*w + 302. What is the tens digit of c?
9
Let q = 14462 - 7913. What is the hundreds digit of q?
5
Suppose 2*m = 5*m - 4*a - 25, m + 9 = -3*a. Suppose -2*x + 133 = -3*v, -m*v - 2*v = 4*x - 277. Suppose -q + 2*q - x = 0. What is the tens digit of q?
6
Let v = 34 + -27. Suppose v = -o + 23. What is the units digit of -3 + 132/o + (-3)/(-4)?
6
Suppose -2*c - 248659 + 58595 = -10*c. What is the thousands digit of c?
3
Let n(i) = i**2 - 6*i + 30. Let v be 1/((2 - 5)/(-51)). Let f be n(v). Suppose -p + f = 70. What is the units digit of p?
7
Let l = -1104 - -449. Let u = l - -972. What is the hundreds digit of u?
3
Suppose 0 = 22*o - 60*o + 374376. What is the units digit of 9/27*o/4?
1
Suppose 3*p = p + 1100. Let k(l) = -l**3 - 9*l**2 + 105*l + 949. Let t be k(-9). Suppose -a + p = t*a. What is the hundreds digit of a?
1
Suppose -2*k = l - 15, 11 - 1 = -2*k. Let f be ((-60)/(-14))/10 + l/7. Suppose -5*v + m + 460 = -3*v, 0 = -5*v - f*m + 1163. What is the tens digit of v?
3
Let x = 461 + -436. Let r(v) = 3*v**2 - 63*v + 36. What is the units digit of r(x)?
6
Let l(g) = -217*g - 143. Let r be l(6). Let b = -754 - r. What is the hundreds digit of b?
6
Let y(w) = 2*w**2 - 20*w + 31. Suppose 0 = 5*t - 70 + 10. What is the tens digit of y(t)?
7
Suppose 21233 = 494*v - 491*v + 2*w, -35385 = -5*v - 5*w. What is the thousands digit of v?
7
Let u(w) = -5*w + 204. Let m be u(35). Suppose 7863 + 24965 = m*c. What is the hundreds digit of c?
1
Suppose -104226 - 179938 = -38*w. What is the tens digit of w?
7
Let u(a) = -10*a**2 + 491*a**3 - 5 - 3 - 492*a**3 - 12*a. What is the hundreds digit of u(-11)?
2
Let z(y) = 10*y - 32. Let f be z(-15). Let c = f + 321. What is the units digit of c?
9
Suppose -3*z = -y + 16827, 16*y - 21*y - 2*z = -84101. What is the hundreds digit of y/(-21)*(2 + -3)?
8
Let c(h) = 2*h**3 + 6*h**2 - 28*h + 389. What is the units digit of c(25)?
9
Suppose -3*f + 34025 = -1687*s + 1688*s, 0 = -2*f - 2. What is the thousands digit of s?
4
Let b be ((-66)/30)/((-3)/75). Let r = 143 - b. What is the tens digit of r?
8
Let b = 8 - -12. Let u be b/90 - 4/18. Suppose r + r - 168 = u. What is the tens digit of r?
8
Let d(v) = 7*v**3 - 11*v**2 - 15*v + 43. What is the hundreds digit of d(7)?
8
Let l(c) = 2*c**2 + 10 + 21*c**2 + 16*c**2 - 12*c**2 - 12*c. What is the tens digit of l(5)?
2
Suppose -67374 = -4*l - 5*v, 5*v + 33702 = -6*l + 8*l. What is the units digit of l?
6
Suppose 35*i - 32*i + h = 182, 0 = i + 2*h - 59. What is the units digit of i?
1
Suppose g = -n + 48591, 3*n - 9861 = -2*g + 135906. What is the thousands digit of n?
8
Suppose -3*y + 14631 = -2*d + 3*d, -6 = d. What is the tens digit of y?
7
Suppose -3*x = -18, -6*l - 47712 = -9*l + 3*x. What is the hundreds digit of l?
9
Suppose 19*g = 51 + 25. Suppose -g*c + t = 926 - 3580, 0 = -3*c + t + 1991. What is the tens digit of c?
6
Let c(m) = m**2 + 30*m - 165. What is the tens digit of c(6)?
5
Let p(a) be the second derivative of a**4/12 + a**3/3 - 9*a**2/2 + 9*a. Let f = -6 + -5. What is the units digit of p(f)?
0
Suppose 44*u = 93692 + 331568. What is the hundreds digit of u?
6
Let a(g) = -2*g**3 + 12*g**2 - 17*g + 68. Let w be a(-16). Suppose 1334 = -26*t + w. What is the hundreds digit of t?
3
Let t = 72205 + -19196. What is the tens digit of t?
0
Suppose -22*g + 3408 = -18*g. Let i = -435 + g. What is the tens digit of i?
1
Let q(o) = o**2 - 3*o - 15. Let f be q(8). Suppose -f*s = -10*s - 870. Suppose -r = -46 - s. What is the tens digit of r?
0
Let r = 7340 - 4691. What is the tens digit of r?
4
What is the thousands digit of 17/(-68) - 12818/(-8)?
1
Let h be (-6)/(-14) - (3 - (-598)/(-91)). Suppose -25*b = -20*b - 10, 0 = -g + h*b + 1853. What is the thousands digit of g?
1
Let b(z) = 159*z - 1117. What is the units digit of b(11)?
2
Let l be ((-1)/(-2))/(1/(-2)). Suppose -28*f + 3312 = 8*f. Let x = f + l. What is the tens digit of x?
9
Suppose -4*c = -2*g + 30, 4*c + 0 = g - 5. Suppose 4*b = -5*q + g, -1 = -5*q + 4. What is the units digit of (-9)/(-45) + 304/b?
1
Suppose -8098 = -5*j - 3*m, 0 = 2*j - 31*m + 29*m - 3252. What is the thousands digit of j?
1
Let n(y) = 3*y**2 + 27*y - 8*y + 2*y + 10. Let c be n(-19). Suppose -2*s + 0*s + 346 = 2*i, 3*s - c = -4*i. What is the tens digit of i?
7
Suppose 4*t + 95 - 159 = 0. Let o(a) = -4*a + 1. Let n be o(-2). Suppose -n*i + 11*i - t = 0. What is the units digit of i?
8
Let i be 92/22 - 6/33. Suppose -5*z + i*x = -79, -3*z - 3*x + 41 = x. What is the units digit of ((-24)/z)/(2/(-5))?
4
Let p = -12592 + 18056. What is the tens digit of p?
6
Let z(s) = s - 21. Let q be z(6). What is the hundreds digit of 68*(-12)/q*5?
2
Suppose 49 = 11*f - 6. Suppose 4*u - 5*a = 1018, 9*a = f*u + 4*a - 1275. What is the hundreds digit of u?
2
Suppose -35 = -14*f - 7. Suppose 2*u + z - 630 = f*z, -z = -5*u + 1575. What is the hundreds digit of u?
3
Suppose 2*u - 4*a = -0*a - 48, 4*u + a + 123 = 0. Let t = u - -28. What is the units digit of 36/10*(t - -7)?
8
Suppose 80*x - 101688 + 62300 = 83092. What is the units digit of x?
1
Let f(i) = i**3 - 4*i**2 + i + 1. Let r = -45 + 49. Let s be f(r). Let u(p) = 5*p**2 - 6*p - 3. What is the tens digit of u(s)?
9
Let k = 6 + -1. Suppose -k*q + 23 = 3. Suppose 224 = 4*y - q*w, y + y = -w + 106. What is the units digit of y?
4
What is the units digit of (6/8)/(7/22*(-54)/(-32508))?
9
What is the tens digit of (-8768)/224 + 39 + 1/14*292154?
6
Suppose -5*u - 4*p = -2386, u = 2*p + 206 + 274. Suppose -w + 239 = 4*y, -44*w = -42*w - 4*y - u. What is the units digit of w?
9
Let f = -12 + 15. Suppose f*u + 2 - 14 = 0. Suppose -2*n + 108 = u*m, -m = 2*m - 12. What is the tens digit of n?
4
Suppose 2*k + 5*j - 14834 = 0, 3*j + 29642 = 16*k - 12*k. What is the thousands digit of k?
7
Suppose -72*q + 68*q = -120. What is the units digit of 1524*3*5/q?
2
Suppose -36 = -6*w - 0*w. Let y be (3/(-6) + 0)/(3/w). Let n(q) = -29*q**3 - q**2 - q. What is the units digit of n(y)?
9
Suppose -2*f + w + 67504 = 19776, 0 = -5*f - 3*w + 119364. What is the thousands digit of f?
3
Let p = 13221 - -5048. What is the thousands digit of p?
8
What is the units digit of (-2 - -31106) + 3168/198?
0
Let c = -1190 + 4158. What is the hundreds digit of c?
9
Let q(u) be the first derivative of -2*u**4 + 3*u**3 + 17*u**2/2 + 1. What is the tens digit of q(-4)?
8
Let u = 404 - 214. Let a = u - 133. What is the tens digit of a?
5
Let a(c) = -8733*c + 548. What is the thousands digit of a(-2)?
8
Suppose 0 = -2*c + 5*z + 2988, c = 3*c - 4*z - 2990. Suppose -2245 = -5*t + 4*k, 5*t - c = 2*k + 756. What is the units digit of t?
3
Suppose -3*k - 5*p = -129181, -p = 3*k - 149063 + 19878. What is the tens digit of k?
6
Let b = 1248 - 764. Suppose -b = -21*a + 19*a. What is the units digit of a?
2
What is the units digit of (-162561)/(-18) - (-238)/(-204)?
0
Let c(b) = -b + 1. Let j(l) = l**2 - 10*l - 19. Let o(i) = -4*c(i) - j(i). Let q be o(17). What is the tens digit of ((-9)/12)/3 + (-3393)/q?
9
What is the hundreds digit of 41/(-246) + (4/(-6) - (-197691)/18)?
9
Suppose -4*h = 2*t - 18174, -32*t + 3*h = -34*t + 18178. What is the hundreds digit of t?
0
Suppose 4*i - 240 = -12. Let l = i - 54. Suppose -4*j = l*g + 185 - 561, 75 = j - 4*g. What is the units digit of j?
1
Suppose -d - 76 = -4*o - 2*d, 5*d - 56 = -2*o. What is the tens digit of (9/o)/(2/10288*4)?
4
Suppose 0 = 22*v - 24*v + 8. Suppose -59 = v*b - 415. What is the tens digit of b?
8
Let g be 17*(-676)/(-24) + 5/30. Let t = -234 + g. What is the units digit of t?
5
Let y(m) = -m**2 - 7*m - 9. Let l be y(-3). Suppose